0205501 a multiple of 18?
False
Is 909524262 a multiple of 307?
False
Is 23 a factor of 43471886?
True
Is 139 a factor of 330805174?
False
Does 21 divide 6571175?
False
Is 37 a factor of 263566318?
True
Does 85 divide 7738145?
True
Is 209 a factor of 675817212?
False
Does 21 divide 54149613?
True
Is 2853401475 a multiple of 285?
True
Is 181234713 a multiple of 2435?
False
Does 216 divide 14616547?
False
Is 34266425 a multiple of 25?
True
Is 86708038 a multiple of 43?
True
Is 40290823 a multiple of 8?
False
Is 33904447 a multiple of 6?
False
Is 1216668754 a multiple of 7?
True
Does 3 divide 1278288?
True
Is 82618190 a multiple of 4913?
False
Does 6 divide 5111610?
True
Does 111 divide 812164775?
False
Is 166 a factor of 876766338?
False
Is 16859532 a multiple of 6?
True
Does 272 divide 157463520?
True
Does 11 divide 4088343?
False
Does 145 divide 22373935?
True
Does 884 divide 873195752?
True
Is 103771255 a multiple of 502?
False
Does 235 divide 23046215?
True
Does 6 divide 175420446?
True
Is 314574585 a multiple of 73?
False
Is 166 a factor of 12688376?
True
Is 222 a factor of 18821935?
False
Is 31 a factor of 191169813?
False
Does 40 divide 19653320?
True
Is 43 a factor of 22403538?
False
Is 30 a factor of 228182520?
True
Is 2776592 a multiple of 453?
False
Does 3132 divide 129157416?
True
Does 1091 divide 13847024?
False
Does 1412 divide 38231312?
True
Does 305 divide 1316418789?
False
Is 2358574528 a multiple of 32?
True
Does 13 divide 509607383?
False
Does 113 divide 16194369?
True
Does 6 divide 61091202?
True
Is 2198 a factor of 71479948?
False
Is 39 a factor of 37528250?
False
Is 49 a factor of 1508602673?
False
Is 10 a factor of 14600820?
True
Does 125 divide 12120500?
True
Is 17 a factor of 214169808?
True
Is 7 a factor of 267822379?
False
Is 4057 a factor of 460216966?
False
Does 999 divide 55112520?
False
Does 474 divide 27231724?
False
Is 1594 a factor of 8542143?
False
Is 987105350 a multiple of 4070?
False
Is 410424273 a multiple of 4764?
False
Is 129 a factor of 118016811?
True
Is 111015632 a multiple of 52?
True
Does 1106 divide 79785734?
True
Is 94849857 a multiple of 35?
False
Is 46862060 a multiple of 10?
True
Is 1042 a factor of 439825074?
True
Does 4 divide 233950612?
True
Does 19 divide 69284393?
True
Is 196 a factor of 1143299425?
False
Does 5103 divide 2380503573?
True
Is 661225408 a multiple of 8?
True
Does 73 divide 3744909052?
True
Does 20 divide 42057243?
False
Is 23689461 a multiple of 1178?
False
Is 231 a factor of 20864151?
True
Is 211 a factor of 2182205888?
True
Is 104 a factor of 243805952?
True
Is 13 a factor of 658220655?
False
Is 233071996 a multiple of 2297?
True
Is 31 a factor of 347998383?
False
Is 154 a factor of 2141291119?
False
Does 203 divide 53422655?
False
Is 8 a factor of 45801882?
False
Is 3890 a factor of 341792137?
False
Is 138 a factor of 10493796?
True
Does 89 divide 627130312?
True
Is 1975 a factor of 103472820?
False
Is 5969806 a multiple of 16?
False
Is 19 a factor of 399298889?
True
Is 12377021 a multiple of 512?
False
Is 347633645 a multiple of 3026?
False
Is 195148980 a multiple of 780?
True
Is 59 a factor of 123871562?
True
Is 12534519 a multiple of 126?
False
Is 15747072 a multiple of 33?
True
Is 200 a factor of 1247960334?
False
Is 14 a factor of 413697310?
False
Does 13 divide 296277437?
False
Does 477 divide 194906016?
True
Is 34629100 a multiple of 61?
False
Is 86519389 a multiple of 62?
False
Is 205 a factor of 360553346?
False
Is 34855097 a multiple of 2369?
True
Is 340 a factor of 118256890?
False
Is 57 a factor of 50661927?
False
Is 4057453466 a multiple of 44?
False
Is 94418486 a multiple of 26?
False
Does 59 divide 36372497?
True
Does 4568 divide 1564562840?
True
Does 164 divide 101484241?
False
Is 138615251 a multiple of 1806?
False
Does 468 divide 51827256?
True
Is 21 a factor of 88020681?
True
Does 9 divide 185202613?
False
Is 8452598 a multiple of 154?
True
Is 34 a factor of 624090941?
False
Is 224 a factor of 776876124?
False
Is 2550217056 a multiple of 544?
True
Does 95 divide 24389798?
False
Does 439 divide 40584620?
False
Is 7077882 a multiple of 391?
True
Does 55 divide 1670195395?
True
Is 255 a factor of 23642835?
True
Does 189 divide 140701050?
True
Is 102788227 a multiple of 167?
False
Is 105 a factor of 412683391?
False
Is 5009256 a multiple of 378?
True
Is 81999459 a multiple of 2?
False
Is 47 a factor of 43945063?
False
Does 950 divide 31103587?
False
Does 4 divide 2948672?
True
Is 34 a factor of 422710123?
False
Is 2523 a factor of 97546749?
True
Does 42 divide 7058065?
False
Is 6 a factor of 606559303?
False
Is 118589488 a multiple of 2422?
False
Is 71 a factor of 2926292832?
True
Does 8 divide 38576284?
False
Is 35 a factor of 2659413505?
True
Is 23636592 a multiple of 9?
True
Is 47533646 a multiple of 896?
False
Does 42 divide 21751525?
False
Is 352 a factor of 29606016?
True
Is 539 a factor of 262983401?
False
Does 864 divide 89155623?
False
Is 539 a factor of 93581719?
True
Does 342 divide 8440361?
False
Is 1891 a factor of 17752708?
True
Is 5 a factor of 958285715?
True
Is 115060322 a multiple of 557?
False
Is 1363 a factor of 623437563?
True
Is 68161176 a multiple of 1172?
True
Is 445 a factor of 63185189?
False
Is 50682228 a multiple of 12?
True
Does 56 divide 7100352?
True
Is 91 a factor of 193005631?
True
Does 15 divide 1064519906?
False
Is 39461679 a multiple of 9?
True
Is 430 a factor of 3142639563?
False
Does 84 divide 36221476?
False
Does 203 divide 611183265?
True
Does 427 divide 59876929?
True
Is 175073636 a multiple of 336?
False
Is 26 a factor of 105686683?
False
Is 21 a factor of 45607134?
False
Is 124295480 a multiple of 535?
True
Is 22 a factor of 675807150?
False
Does 17 divide 1240847?
True
Does 30 divide 35410076?
False
Is 1821934320 a multiple of 380?
True
Is 686 a factor of 97305670?
True
Is 53 a factor of 52357838?
False
Is 820119903 a multiple of 14?
False
Does 17 divide 126513252?
True
Does 1127 divide 6209770?
True
Is 505553322 a multiple of 361?
False
Is 12086812 a multiple of 38?
True
Is 14 a factor of 2513346136?
True
Is 3743051578 a multiple of 1589?
True
Is 49 a factor of 1900114258?
True
Does 1392 divide 316132944?
True
Is 5268747 even?
False
Is 37 a factor of 466020624?
True
Does 22 divide 1910537552?
True
Does 13 divide 396129496?
False
Does 412 divide 95419599?
False
Is 571875285 a multiple of 162?
False
Is 3 a factor of 168738107?
False
Is 453 a factor of 252187617?
False
Is 39 a factor of 66829581?
True
Is 538 a factor of 392662917?
False
Is 760463311 a multiple of 39?
False
Is 36405888 a multiple of 192?
True
Does 906 divide 45833639?
False
Is 30 a factor of 59145000?
True
Is 43 a factor of 10941134?
False
Is 172741140 a multiple of 10?
True
Is 13 a factor of 239729790?
False
Does 11005 divide 675071522?
False
Is 3685 a factor of 2553664465?
True
Is 767795240 a multiple of 4220?
True
Does 1316 divide 22103290?
False
Does 19 divide 305081157?
True
Is 98812616 a multiple of 532?
True
Does 43 divide 61087080?
False
Does 31 divide 190206616?
False
Does 42 divide 27070176?
True
Is 84 a factor of 1905?
False
Does 6135 divide 300424406?
False
Does 723 divide 1333065231?
True
Is 2138 a factor of 443957237?
False
Does 598 divide 48714167?
False
Is 3071 a factor of 1601597133?
True
Is 69168816 a multiple of 684?
True
Is 2680328160 a multiple of 40?
True
Does 147 divide 84846970?
False
Is 33 a factor of 32250668?
False
Is 12 a factor of 965430881?
False
Is 499 a factor of 435752806?
False
Is 1498160975 a multiple of 120?
False
Does 15 divide 99512042?
False
Does 202 divide 2515657904?
True
Is 97518579 a multiple of 36?
False
Is 104 a factor of 151492952?
True
Is 7950636 a multiple of 477?
True
Does 37 divide 13734312?
False
Is 4516 a factor of 483146304?
False
Is 7626 a factor of 241675566?
True
Is 8 a factor of 37099254?
False
Does 6 divide 558205771?
False
Is 583 a factor of 73172097?
False
Is 95025330 a multiple of 3845?
True
Does 68 divide 446102448?
False
Is 962293369 a multiple of 7535?
False
Does 103 divide 10599421?
True
Is 559 a factor of 43661031?
False
Is 359193 a multiple of 470?
False
Is 11 a factor of 831552120?
False
Is 10 a factor of 33383480?
True
Is 3 a factor of 467458290?
True
Does 242 divide 23504353?
F